{"id":585,"date":"2016-01-25T02:25:55","date_gmt":"2016-01-25T02:25:55","guid":{"rendered":"http:\/\/demo.themeton.com\/letstravel\/?page_id=585"},"modified":"2024-09-18T13:12:45","modified_gmt":"2024-09-18T16:12:45","slug":"quienes-somos","status":"publish","type":"page","link":"https:\/\/www.lalileoviajes.tur.ar\/index.php\/quienes-somos\/","title":{"rendered":"\u00bfQuienes Somos?"},"content":{"rendered":"<p>[vc_row css=\u00bb.vc_custom_1448869088326{margin-bottom: 0px !important;}\u00bb][vc_column][vc_column_text]Lalileo Viajes es una empresa de Viajes y Turismo constituida en el a\u00f1o 2002 y autorizada por la Direcci\u00f3n Nacional de Turismo. \u00a0Se encuentra inscripta en la Secretar\u00eda de Turismo de la Naci\u00f3n con el nombre Lalileo Viajes de Jos\u00e9 Mar\u00eda G\u00f3mez, legajo n\u00famero 11411 Disposici\u00f3n N\u00ba 085 Ministerio de Turismo de la Naci\u00f3n.<\/p>\n<p>Su Gerente, Jos\u00e9 Mar\u00eda G\u00f3mez, posee m\u00e1s de 35 a\u00f1os de experiencia en la actividad tur\u00edstica.<\/p>\n<p>Nuestra organizaci\u00f3n ofrece los servicios de una gran empresa aunque manteniendo la cordialidad de una peque\u00f1a agencia; distinguida en el \u00e1mbito por brindar atenci\u00f3n personalizada a nuestros clientes.<\/p>\n<p>Tenemos como compromiso fundamental alcanzar la satisfacci\u00f3n de quienes nos elijen, poniendo \u00e9nfasis en la calidad y confiabilidad de las prestaciones brindadas.<\/p>\n<p>Nuestro personal id\u00f3neo \u2013 especializado en Am\u00e9rica del Sur y Europa \u2013 est\u00e1 predispuesto para orientarlos de manera eficiente y r\u00e1pida en sus consultas y requerimientos.<\/p>\n<p>Todas nuestras ofertas se elaboran a trav\u00e9s de una cuidadosa selecci\u00f3n de hoteles y de prestadores de servicios en cada destino.<\/p>\n<p><u>Nuestros Operadores en destino<\/u><\/p>\n<p>Bolivia\u00a0 \u00a0 \u00a0 \u00a0 \u00a0 Crillon Tours<\/p>\n<p>Chile\u00a0 \u00a0 \u00a0 \u00a0 \u00a0 \u00a0 \u00a0Chirak<\/p>\n<p>Colombia\u00a0 \u00a0 \u00a0All Reps<\/p>\n<p>Ecuador\u00a0 \u00a0 \u00a0 \u00a0Kleintours<\/p>\n<p>Per\u00fa\u00a0 \u00a0 \u00a0 \u00a0 \u00a0 \u00a0 \u00a0 Lima Tours<\/p>\n<p>Lalileo Viajes EVT, Agencia reconocida y avalada por<\/p>\n<p><a href=\"https:\/\/www.lalileoviajes.tur.ar\/wp-content\/uploads\/2016\/09\/aviabue.jpg\"><img loading=\"lazy\" decoding=\"async\" class=\"alignnone size-thumbnail wp-image-2089\" src=\"https:\/\/www.lalileoviajes.tur.ar\/wp-content\/uploads\/2016\/09\/aviabue-150x150.jpg\" alt=\"Aviabue\" width=\"150\" height=\"150\" srcset=\"https:\/\/www.lalileoviajes.tur.ar\/wp-content\/uploads\/2016\/09\/aviabue-150x150.jpg 150w, https:\/\/www.lalileoviajes.tur.ar\/wp-content\/uploads\/2016\/09\/aviabue-480x480.jpg 480w\" sizes=\"auto, (max-width: 150px) 100vw, 150px\" \/><\/a><a href=\"https:\/\/www.lalileoviajes.tur.ar\/wp-content\/uploads\/2016\/09\/FAEVYT-e1474471338975.jpg\"><img loading=\"lazy\" decoding=\"async\" class=\"alignnone size-full wp-image-2090\" src=\"https:\/\/www.lalileoviajes.tur.ar\/wp-content\/uploads\/2016\/09\/FAEVYT-e1474471338975.jpg\" alt=\"FAEVYT\" width=\"330\" height=\"150\" \/><\/a>[\/vc_column_text][\/vc_column][\/vc_row][vc_row full_width=\u00bbstretch_row\u00bb css=\u00bb.vc_custom_1448869726138{margin-bottom: 0px !important;padding-bottom: 90px !important;}\u00bb][vc_column][vc_row_inner css=\u00bb.vc_custom_1449046732050{margin-bottom: 65px !important;padding-top: 110px !important;}\u00bb][vc_column_inner width=\u00bb1\/6&#8243;][\/vc_column_inner][vc_column_inner width=\u00bb2\/3&#8243;][title title=\u00bbNuestros Operadores\u00bb subtitle=\u00bb\u00bb description=\u00bb\u00bb button_text=\u00bbMEET OUR TEAM\u00bb][\/vc_column_inner][vc_column_inner width=\u00bb1\/6&#8243;][\/vc_column_inner][\/vc_row_inner][partners partner=\u00bb%5B%7B%22image%22%3A%222108%22%2C%22link%22%3A%22%23!%22%7D%2C%7B%22image%22%3A%222109%22%2C%22link%22%3A%22%23!%22%7D%2C%7B%22image%22%3A%222111%22%2C%22link%22%3A%22%23!%22%7D%2C%7B%22image%22%3A%222112%22%2C%22link%22%3A%22%23!%22%7D%5D\u00bb][\/vc_column][\/vc_row]<\/p>\n","protected":false},"excerpt":{"rendered":"<p>[vc_row css=\u00bb.vc_custom_1448869088326{margin-bottom: 0px !important;}\u00bb][vc_column][vc_column_text]Lalileo Viajes es una empresa de Viajes y Turismo constituida en el a\u00f1o 2002 y autorizada por &#8230;<\/p>\n","protected":false},"author":1,"featured_media":0,"parent":0,"menu_order":0,"comment_status":"closed","ping_status":"closed","template":"","meta":{"footnotes":""},"class_list":["post-585","page","type-page","status-publish","hentry"],"_links":{"self":[{"href":"https:\/\/www.lalileoviajes.tur.ar\/index.php\/wp-json\/wp\/v2\/pages\/585","targetHints":{"allow":["GET"]}}],"collection":[{"href":"https:\/\/www.lalileoviajes.tur.ar\/index.php\/wp-json\/wp\/v2\/pages"}],"about":[{"href":"https:\/\/www.lalileoviajes.tur.ar\/index.php\/wp-json\/wp\/v2\/types\/page"}],"author":[{"embeddable":true,"href":"https:\/\/www.lalileoviajes.tur.ar\/index.php\/wp-json\/wp\/v2\/users\/1"}],"replies":[{"embeddable":true,"href":"https:\/\/www.lalileoviajes.tur.ar\/index.php\/wp-json\/wp\/v2\/comments?post=585"}],"version-history":[{"count":21,"href":"https:\/\/www.lalileoviajes.tur.ar\/index.php\/wp-json\/wp\/v2\/pages\/585\/revisions"}],"predecessor-version":[{"id":2671,"href":"https:\/\/www.lalileoviajes.tur.ar\/index.php\/wp-json\/wp\/v2\/pages\/585\/revisions\/2671"}],"wp:attachment":[{"href":"https:\/\/www.lalileoviajes.tur.ar\/index.php\/wp-json\/wp\/v2\/media?parent=585"}],"curies":[{"name":"wp","href":"https:\/\/api.w.org\/{rel}","templated":true}]}}