{"id":2673,"date":"2024-09-19T11:20:38","date_gmt":"2024-09-19T14:20:38","guid":{"rendered":"https:\/\/www.lalileoviajes.tur.ar\/?page_id=2673"},"modified":"2024-09-19T11:32:28","modified_gmt":"2024-09-19T14:32:28","slug":"recomendaciones","status":"publish","type":"page","link":"https:\/\/www.lalileoviajes.tur.ar\/index.php\/recomendaciones\/","title":{"rendered":"Recomendaciones"},"content":{"rendered":"\n<p><strong><em>Per\u00fa<\/em><\/strong><\/p>\n\n\n\n<p><em><strong>Informaci\u00f3n Importante &#8211; Consejos y Recomendaciones<\/strong><\/em><\/p>\n\n\n\n<p><strong>Acceso de visitantes a&nbsp;Machu Picchu<\/strong><\/p>\n\n\n\n<p>Pautas de operaci\u00f3n en la ciudadela de Machu Picchu:<br>Cada grupo de visita podr\u00e1 estar conformado por m\u00e1ximo 16 personas, acompa\u00f1adas por un gu\u00eda especializado.<\/p>\n\n\n\n<p>Esta medida nos permitir\u00e1 seguir ofreciendo una experiencia enriquecedora en este destino tan emblem\u00e1tico, asegurando que disfruten al m\u00e1ximo de su visita.<\/p>\n\n\n\n<figure class=\"wp-block-image size-large\"><a href=\"https:\/\/www.lalileoviajes.tur.ar\/wp-content\/uploads\/2024\/09\/MICE.jpg\"><img loading=\"lazy\" decoding=\"async\" width=\"1024\" height=\"514\" src=\"https:\/\/www.lalileoviajes.tur.ar\/wp-content\/uploads\/2024\/09\/MICE-1024x514.jpg\" alt=\"\" class=\"wp-image-2677\" srcset=\"https:\/\/www.lalileoviajes.tur.ar\/wp-content\/uploads\/2024\/09\/MICE-1024x514.jpg 1024w, https:\/\/www.lalileoviajes.tur.ar\/wp-content\/uploads\/2024\/09\/MICE-300x151.jpg 300w, https:\/\/www.lalileoviajes.tur.ar\/wp-content\/uploads\/2024\/09\/MICE-768x386.jpg 768w, https:\/\/www.lalileoviajes.tur.ar\/wp-content\/uploads\/2024\/09\/MICE.jpg 1167w\" sizes=\"auto, (max-width: 1024px) 100vw, 1024px\" \/><\/a><\/figure>\n\n\n\n<p><\/p>\n\n\n\n<p>El turismo MICE\u00a0<strong>(Meetings, Incentives, Conferences, and Exhibitions)<\/strong>\u00a0es un motor vibrante del crecimiento en el sector tur\u00edstico global. Este tipo de turismo transforma destinos, generando un impacto econ\u00f3mico significativo y abriendo puertas a la innovaci\u00f3n y al networking entre profesionales de m\u00faltiples industrias. Adem\u00e1s, el turismo MICE permite a las empresas crear\u00a0<strong>experiencias \u00fanicas y memorables<\/strong>\u00a0para sus colaboradores, combinando el \u00e9xito de los negocios con el encanto de descubrir nuevos lugares. En un mundo donde las conexiones son clave, el turismo MICE se destaca como una herramienta esencial para impulsar el \u00e9xito corporativo y el desarrollo de destinos.<\/p>\n\n\n\n<div class=\"wp-block-group\"><div class=\"wp-block-group__inner-container is-layout-constrained wp-block-group-is-layout-constrained\">\n<figure class=\"wp-block-table\"><table class=\"has-fixed-layout\"><tbody><tr><td><strong>PER\u00da:DESTINO IDEAL PARA MICE<\/strong><\/td><\/tr><\/tbody><\/table><\/figure>\n<\/div><\/div>\n\n\n\n<figure class=\"wp-block-table\"><table class=\"has-fixed-layout\"><tbody><tr><td><strong>Per\u00fa<\/strong>&nbsp;es un destino inigualable. Su diversidad geogr\u00e1fica, que abarca la costa, la sierra y la selva, ofrece escenarios \u00fanicos para cualquier evento, desde reuniones ejecutivas en Lima, la capital, hasta incentivos en la m\u00e1gica ciudad de Cusco, o conferencias rodeadas de la exuberante Amazon\u00eda. Per\u00fa combina&nbsp;<strong>historia, cultura y modernidad<\/strong>, brindando experiencias aut\u00e9nticas que inspiran y conectan a los participantes. Adem\u00e1s, su rica gastronom\u00eda y hospitalidad garantizan que cada evento sea memorable, haciendo de Per\u00fa no solo un lugar para concretar negocios, sino un&nbsp;<strong>destino que transforma cada evento en una experiencia extraordinaria<\/strong>.<\/td><\/tr><\/tbody><\/table><\/figure>\n\n\n<div class=\"wp-block-image\">\n<figure class=\"aligncenter size-full\"><a href=\"https:\/\/www.lalileoviajes.tur.ar\/wp-content\/uploads\/2024\/09\/MICE1.jpg\"><img loading=\"lazy\" decoding=\"async\" width=\"540\" height=\"540\" src=\"https:\/\/www.lalileoviajes.tur.ar\/wp-content\/uploads\/2024\/09\/MICE1.jpg\" alt=\"\" class=\"wp-image-2682\" srcset=\"https:\/\/www.lalileoviajes.tur.ar\/wp-content\/uploads\/2024\/09\/MICE1.jpg 540w, https:\/\/www.lalileoviajes.tur.ar\/wp-content\/uploads\/2024\/09\/MICE1-300x300.jpg 300w, https:\/\/www.lalileoviajes.tur.ar\/wp-content\/uploads\/2024\/09\/MICE1-150x150.jpg 150w, https:\/\/www.lalileoviajes.tur.ar\/wp-content\/uploads\/2024\/09\/MICE1-480x480.jpg 480w\" sizes=\"auto, (max-width: 540px) 100vw, 540px\" \/><\/a><\/figure><\/div>\n\n<div class=\"wp-block-image\">\n<figure class=\"aligncenter size-full\"><a href=\"https:\/\/www.lalileoviajes.tur.ar\/wp-content\/uploads\/2024\/09\/MICE2.jpg\"><img loading=\"lazy\" decoding=\"async\" width=\"540\" height=\"540\" src=\"https:\/\/www.lalileoviajes.tur.ar\/wp-content\/uploads\/2024\/09\/MICE2.jpg\" alt=\"\" class=\"wp-image-2683\" srcset=\"https:\/\/www.lalileoviajes.tur.ar\/wp-content\/uploads\/2024\/09\/MICE2.jpg 540w, https:\/\/www.lalileoviajes.tur.ar\/wp-content\/uploads\/2024\/09\/MICE2-300x300.jpg 300w, https:\/\/www.lalileoviajes.tur.ar\/wp-content\/uploads\/2024\/09\/MICE2-150x150.jpg 150w, https:\/\/www.lalileoviajes.tur.ar\/wp-content\/uploads\/2024\/09\/MICE2-480x480.jpg 480w\" sizes=\"auto, (max-width: 540px) 100vw, 540px\" \/><\/a><\/figure><\/div>\n\n\n<figure class=\"wp-block-table\"><table class=\"has-fixed-layout\"><tbody><tr><td>MICE CON LIMATOURS: EXPERIENCIAS QUE INSPIRAN<\/td><\/tr><\/tbody><\/table><\/figure>\n\n\n\n<figure class=\"wp-block-table\"><table class=\"has-fixed-layout\"><tbody><tr><td>Transforma tus eventos MICE con&nbsp;<strong>LimaTours<\/strong>. Con m\u00e1s de seis d\u00e9cadas de trayectoria,&nbsp;<strong>conocemos Per\u00fa como nadie m\u00e1s<\/strong>. Nuestro equipo experto se dedica a dise\u00f1ar eventos \u00fanicos y personalizados, cuidando cada detalle para superar tus expectativas. Deja que nuestro conocimiento profundo del pa\u00eds y nuestra experiencia aseguren que tu pr\u00f3ximo evento sea memorable y refleje lo mejor que Per\u00fa tiene para ofrecer.&nbsp;<\/td><\/tr><\/tbody><\/table><\/figure>\n\n\n\n<figure class=\"wp-block-image size-large\"><a href=\"https:\/\/www.lalileoviajes.tur.ar\/wp-content\/uploads\/2024\/09\/SABORES-PERU.jpg\"><img loading=\"lazy\" decoding=\"async\" width=\"1024\" height=\"514\" src=\"https:\/\/www.lalileoviajes.tur.ar\/wp-content\/uploads\/2024\/09\/SABORES-PERU-1024x514.jpg\" alt=\"\" class=\"wp-image-2686\" srcset=\"https:\/\/www.lalileoviajes.tur.ar\/wp-content\/uploads\/2024\/09\/SABORES-PERU-1024x514.jpg 1024w, https:\/\/www.lalileoviajes.tur.ar\/wp-content\/uploads\/2024\/09\/SABORES-PERU-300x151.jpg 300w, https:\/\/www.lalileoviajes.tur.ar\/wp-content\/uploads\/2024\/09\/SABORES-PERU-768x386.jpg 768w, https:\/\/www.lalileoviajes.tur.ar\/wp-content\/uploads\/2024\/09\/SABORES-PERU.jpg 1167w\" sizes=\"auto, (max-width: 1024px) 100vw, 1024px\" \/><\/a><\/figure>\n\n\n\n<p>Qu\u00e9 mejor que descubrir la esencia de Per\u00fa que a trav\u00e9s de su gastronom\u00eda, un tesoro que refleja nuestra\u00a0<strong>rica cultura y tradiciones milenarias<\/strong>. Cada plato cuenta una historia, uniendo sabores ancestrales con creatividad contempor\u00e1nea. Nuestra cocina es m\u00e1s que una experiencia culinaria; es un legado que cuidamos y promovemos con orgullo, porque entendemos que\u00a0<strong>nuestra identidad est\u00e1 en cada bocado<\/strong>. Hoy, la gastronom\u00eda peruana es celebrada y reconocida en el mundo entero, y queremos que todos formen parte de esta historia.<\/p>\n\n\n\n<figure class=\"wp-block-gallery has-nested-images columns-default is-cropped wp-block-gallery-1 is-layout-flex wp-block-gallery-is-layout-flex\">\n<figure class=\"wp-block-image size-large\"><a href=\"https:\/\/www.lalileoviajes.tur.ar\/wp-content\/uploads\/2024\/09\/unnamed-2.jpg\"><img loading=\"lazy\" decoding=\"async\" width=\"356\" height=\"356\" data-id=\"2689\" src=\"https:\/\/www.lalileoviajes.tur.ar\/wp-content\/uploads\/2024\/09\/unnamed-2.jpg\" alt=\"Juane\" class=\"wp-image-2689\" srcset=\"https:\/\/www.lalileoviajes.tur.ar\/wp-content\/uploads\/2024\/09\/unnamed-2.jpg 356w, https:\/\/www.lalileoviajes.tur.ar\/wp-content\/uploads\/2024\/09\/unnamed-2-300x300.jpg 300w, https:\/\/www.lalileoviajes.tur.ar\/wp-content\/uploads\/2024\/09\/unnamed-2-150x150.jpg 150w\" sizes=\"auto, (max-width: 356px) 100vw, 356px\" \/><\/a><\/figure>\n\n\n\n<figure class=\"wp-block-image size-large\"><a href=\"https:\/\/www.lalileoviajes.tur.ar\/wp-content\/uploads\/2024\/09\/unnamed-1.jpg\"><img loading=\"lazy\" decoding=\"async\" width=\"356\" height=\"356\" data-id=\"2688\" src=\"https:\/\/www.lalileoviajes.tur.ar\/wp-content\/uploads\/2024\/09\/unnamed-1.jpg\" alt=\"Rocoto Relleno\" class=\"wp-image-2688\" srcset=\"https:\/\/www.lalileoviajes.tur.ar\/wp-content\/uploads\/2024\/09\/unnamed-1.jpg 356w, https:\/\/www.lalileoviajes.tur.ar\/wp-content\/uploads\/2024\/09\/unnamed-1-300x300.jpg 300w, https:\/\/www.lalileoviajes.tur.ar\/wp-content\/uploads\/2024\/09\/unnamed-1-150x150.jpg 150w\" sizes=\"auto, (max-width: 356px) 100vw, 356px\" \/><\/a><\/figure>\n\n\n\n<figure class=\"wp-block-image size-large\"><a href=\"https:\/\/www.lalileoviajes.tur.ar\/wp-content\/uploads\/2024\/09\/unnamed.jpg\"><img loading=\"lazy\" decoding=\"async\" width=\"356\" height=\"356\" data-id=\"2687\" src=\"https:\/\/www.lalileoviajes.tur.ar\/wp-content\/uploads\/2024\/09\/unnamed.jpg\" alt=\"Ceviche\" class=\"wp-image-2687\" srcset=\"https:\/\/www.lalileoviajes.tur.ar\/wp-content\/uploads\/2024\/09\/unnamed.jpg 356w, https:\/\/www.lalileoviajes.tur.ar\/wp-content\/uploads\/2024\/09\/unnamed-300x300.jpg 300w, https:\/\/www.lalileoviajes.tur.ar\/wp-content\/uploads\/2024\/09\/unnamed-150x150.jpg 150w\" sizes=\"auto, (max-width: 356px) 100vw, 356px\" \/><\/a><\/figure>\n<\/figure>\n\n\n\n<p>De la costa, la frescura del ceviche nos envuelve con el sabor del mar. De la sierra, el rocoto relleno nos invita a descubrir el calor de nuestra tierra en cada bocado. De la selva, el juane nos conecta con la abundancia de la naturaleza, envolviendo el alma en su esencia. Estos platos, como todos los que nacen en nuestra tierra, son m\u00e1s que comida; son una invitaci\u00f3n a\u00a0<strong>explorar, disfrutar y celebrar<\/strong>\u00a0la diversidad de sabores que nos define.<\/p>\n\n\n\n<h2 class=\"wp-block-heading\">PER\u00da EN LA CIMA GASTRON\u00d3MICA <\/h2>\n\n\n\n<h2 class=\"wp-block-heading\">SABORES QUE TRASCIENDEN<\/h2>\n\n\n\n<p>Nos llena de orgullo ver c\u00f3mo\u00a0<strong>la gastronom\u00eda peruana brilla en los escenarios m\u00e1s prestigiosos del mundo<\/strong>. Reconocimientos como tener el\u00a0<strong>mejor restaurante del mundo<\/strong>\u00a0son testimonio de nuestra pasi\u00f3n y dedicaci\u00f3n. Estos premios no solo celebran el talento, sino que tambi\u00e9n destacan nuestra riqueza cultural y el compromiso con nuestras ra\u00edces. Pero no nos detenemos aqu\u00ed; seguimos avanzando, llevando el sabor de Per\u00fa cada vez m\u00e1s alto y m\u00e1s lejos.<\/p>\n","protected":false},"excerpt":{"rendered":"<p>Per\u00fa Informaci\u00f3n Importante &#8211; Consejos y Recomendaciones Acceso de visitantes a&nbsp;Machu Picchu Pautas de operaci\u00f3n en la ciudadela de Machu &#8230;<\/p>\n","protected":false},"author":1,"featured_media":2019,"parent":0,"menu_order":0,"comment_status":"closed","ping_status":"closed","template":"","meta":{"footnotes":""},"class_list":["post-2673","page","type-page","status-publish","has-post-thumbnail","hentry"],"_links":{"self":[{"href":"https:\/\/www.lalileoviajes.tur.ar\/index.php\/wp-json\/wp\/v2\/pages\/2673","targetHints":{"allow":["GET"]}}],"collection":[{"href":"https:\/\/www.lalileoviajes.tur.ar\/index.php\/wp-json\/wp\/v2\/pages"}],"about":[{"href":"https:\/\/www.lalileoviajes.tur.ar\/index.php\/wp-json\/wp\/v2\/types\/page"}],"author":[{"embeddable":true,"href":"https:\/\/www.lalileoviajes.tur.ar\/index.php\/wp-json\/wp\/v2\/users\/1"}],"replies":[{"embeddable":true,"href":"https:\/\/www.lalileoviajes.tur.ar\/index.php\/wp-json\/wp\/v2\/comments?post=2673"}],"version-history":[{"count":5,"href":"https:\/\/www.lalileoviajes.tur.ar\/index.php\/wp-json\/wp\/v2\/pages\/2673\/revisions"}],"predecessor-version":[{"id":2690,"href":"https:\/\/www.lalileoviajes.tur.ar\/index.php\/wp-json\/wp\/v2\/pages\/2673\/revisions\/2690"}],"wp:featuredmedia":[{"embeddable":true,"href":"https:\/\/www.lalileoviajes.tur.ar\/index.php\/wp-json\/wp\/v2\/media\/2019"}],"wp:attachment":[{"href":"https:\/\/www.lalileoviajes.tur.ar\/index.php\/wp-json\/wp\/v2\/media?parent=2673"}],"curies":[{"name":"wp","href":"https:\/\/api.w.org\/{rel}","templated":true}]}}